et p = o + -3. What are the prime factors of p?
2, 5
Let m = 18115 - 5263. List the prime factors of m.
2, 3, 7, 17
Suppose 6*y + u - 37282 = 0, -3*u + 6005 + 12646 = 3*y. What are the prime factors of y?
3, 19, 109
Let l = -22 + 8. Let i = l + 14. Suppose i = 3*m + 15, -3*o + 263 = 3*m - m. List the prime factors of o.
7, 13
Suppose -4*k + 14*k = 30. Suppose -2*m - 5 + 15 = 0, 5*m - 1009 = -k*n. What are the prime factors of n?
2, 41
Suppose 0 = -4*b - 3*v + 100 - 417, 139 = -2*b + 5*v. Suppose 4*h + 4*y + 638 + 218 = 0, -4*h - y = 859. Let u = b - h. What are the prime factors of u?
2, 3, 23
Let m(k) = -k**3 - 16*k**2 - 12*k - 12. Let b = 48 - 37. Suppose 0 = -b*c + 44 - 220. What are the prime factors of m(c)?
2, 3, 5
Let j = -815 + -954. Let s = -765 - j. What are the prime factors of s?
2, 251
Let z(t) = -113*t + 11 - 7 + 85*t + 26 - t**2. Let w be z(-23). Suppose -5*d + 145 = 5*v, -2*v = -5*d - 0*v + w. List the prime factors of d.
29
Let k(i) = -5*i + 42. Let b be k(7). Let j(z) = 66*z + 136. What are the prime factors of j(b)?
2, 13, 23
Let u = -346 - -622. Suppose 4*o - 822 = y + 297, o = 4*y + u. List the prime factors of o.
2, 5, 7
Suppose 6 = -4*f + 42. Suppose -2380 = 3*t - 562. What are the prime factors of t/f*3/(-2)?
101
Let f(i) = i**2 + 14*i + 27. Let b be f(-11). Let t(s) = -5*s**3 + 3*s**2 - 4*s + 9. What are the prime factors of t(b)?
3, 11, 37
Let l = -783 + 3315. What are the prime factors of l?
2, 3, 211
Let b(n) = -n**2 + 16*n + 32. Let x be b(19). Let s(j) = -j**3 - 23*j**2 - 8*j - 12. What are the prime factors of s(x)?
2, 719
Suppose 10 = -4*a - a. Suppose -4*n + 10*i - 9*i = -34, -26 = -3*n + i. List the prime factors of a*(1380/n)/(-3).
5, 23
Suppose -1553*l = -1557*l + 210544. List the prime factors of l.
2, 13159
Suppose -8*g = -7229 - 3275. What are the prime factors of g?
13, 101
Let a = -7 - -64. Let p = 57 - a. Suppose 5*c + p*d = -2*d + 22, -5*d - 15 = -5*c. List the prime factors of c.
2
Suppose -101*y + 106*y = 365. Let z(l) = 26*l - 8. Let r be z(-2). Let k = r + y. What are the prime factors of k?
13
Let z be (221/(-3) - 1)/(7/(-147)). Suppose y + 3*w = z, -y + 3*w - 414 + 2012 = 0. What are the prime factors of y?
1583
Suppose 12*z - 27465 = -1377. List the prime factors of z.
2, 1087
Let l = 2167 - -31519. List the prime factors of l.
2, 16843
Suppose -561 = 66*c - 67*c. Suppose 101 = m - 5*b, -b = 5*m + 2*b - c. Let k = 140 - m. What are the prime factors of k?
29
Let g(u) = -2*u**3 - 18*u**2 + 255*u + 293. List the prime factors of g(-34).
11, 4493
Let z(s) = s**2 - 14*s - 17. Suppose 35*r - 33*r - 32 = 0. Let o be z(r). Let g = o + 53. List the prime factors of g.
2, 17
Let i(t) = -176 + 43 + 51 + 19*t. What are the prime factors of i(8)?
2, 5, 7
Let l be -2*7/((-42)/(-255)). Let m = -124 - l. List the prime factors of (-364)/m*(-6)/(-4).
2, 7
Let q(m) = 6*m + 21. Suppose 3*c + 36 = c. Let a be q(c). Let o = -10 - a. List the prime factors of o.
7, 11
Suppose -14554 - 1004 = -6*l. Suppose -3*s - 6*d = -2868, 0 = -3*s + 2*d + l + 275. List the prime factors of s.
2, 239
Let d be ((-75)/10 + 4)*(-12)/21. Suppose 2*g + 0*g = 0. Suppose 46 = f + 5*v, g = -v - 3 - d. What are the prime factors of f?
71
Let y be -6 + (-18)/(-6) + -6. What are the prime factors of 84 + y/3 + 0?
3
Let y(n) = 144*n**2 - 28*n + 86. List the prime factors of y(2).
2, 3, 101
Let a(r) = -r**2 - 13*r + 142. Let n be a(7). Suppose -3186 = -n*d + 58. List the prime factors of d.
2, 811
Let r(o) = -1840*o - o**3 + 0*o**3 - 6*o**2 + 22 + 0*o**3 + 1846*o. List the prime factors of r(-11).
3, 11, 17
Suppose -3 + 7 = -n, -4*b = -2*n + 16. List the prime factors of (-6633)/(-36)*(2 + b/(-3)).
11, 67
Let v = -296 - -122. Let x = v + 298. List the prime factors of x.
2, 31
Let m = -74 - -52. Let l = m + 54. List the prime factors of 6/(l/29 + -1).
2, 29
Suppose -3*d + 4*o = -1688, -2*d - 2*o + 1132 = -6*o. Let g = d + -105. List the prime factors of g.
11, 41
Let f = 549 - 539. Suppose 5*w = 4*h - 2771, 5*h - 14*w = -f*w + 3457. List the prime factors of h.
13, 53
Suppose -53*k - 6*k + 413015 = -1027411. List the prime factors of k.
2, 3, 13, 313
Let x be 2/(-50)*-5*37*5. Let d = 232 + x. What are the prime factors of d?
269
What are the prime factors of -145*(-32)/(-24)*-78?
2, 5, 13, 29
Let a be ((-162)/21)/(15/(-70)). Suppose a*j - 4466 - 32470 = 0. List the prime factors of j.
2, 3, 19
Let g be 5/((-5)/(-6)) - (-2)/(-1). Suppose 0 = -5*t + 3*f + 1290, t - f = g*t - 774. What are the prime factors of t?
2, 3, 43
Let c be ((-2)/4)/((-28)/56). Let g(a) = 318*a + 3. Let s(w) = -106*w - 1. Let k(f) = 4*g(f) + 11*s(f). What are the prime factors of k(c)?
107
Let k = 96 + -80. Suppose -k*i + 20*i = -48. What are the prime factors of 212 + (3 + i - -4)?
3, 23
Suppose -16*t = -2*x - 17*t - 87, x - 5*t = -60. List the prime factors of 6 - 70685/x - (-2)/9.
19, 83
Let b = 39225 + -27858. What are the prime factors of b?
3, 421
Let d be (2 + -6 - -6) + 3. Suppose 0 = -j + d*m - 52, -j - 37 = m + 45. Let h = -36 - j. List the prime factors of h.
41
Suppose 3*o = 0, -46 = 5*p - 3*o - 16. Let g(m) = -102*m + 28. List the prime factors of g(p).
2, 5
Let v = -77 + 84. Let g = v - -177. Suppose -u = u - g. List the prime factors of u.
2, 23
What are the prime factors of (-240898)/(-18) + (-10)/45?
3, 1487
Suppose -148*j = -145*j - 39. Suppose -17*d + 21480 = j*d. What are the prime factors of d?
2, 179
Let v(l) = 3*l**2 + 3*l + 4. Let o(r) = 7*r**2 + 6*r + 8. Let t(i) = 4*o(i) - 9*v(i). Let x be t(-2). List the prime factors of (43 - 4)/((-9)/x + 2).
2, 3, 13
Let z(a) = 3*a**3 - 50*a**2 - 53*a - 29. Let u(t) = 2*t**3 - 25*t**2 - 27*t - 15. Let p(m) = -5*u(m) + 3*z(m). What are the prime factors of p(-25)?
2, 3, 7
Suppose 6*g - 45 = 129. Suppose g*p = 28*p + 423. What are the prime factors of p?
3, 47
Let a(d) = -39*d**3 + 4*d**2 - d - 40. What are the prime factors of a(-6)?
2, 17, 251
Suppose -4*q = 4*m - 8, m - 3 + 1 = -2*q. Let c(y) = 0*y**2 + 21 + 48 - y**2 - 16*y + 15*y. List the prime factors of c(q).
3, 23
Let d be 7*(4/(-16) - (-15)/28). Suppose -d*l + 217 = -5*w + 1177, w + 4*l = 170. Let h = w - -52. What are the prime factors of h?
2, 11
Suppose -4*w = -3*w - 109. List the prime factors of (-6)/(-2) + 4 + w.
2, 29
Let b(f) be the third derivative of -f**6/120 - 7*f**5/60 + 9*f**4/8 - 8*f**3/3 + 2*f**2 - 55*f. List the prime factors of b(-12).
2, 5, 19
Let l(a) = 2*a**2 + 4*a - 89. List the prime factors of l(36).
2647
Let v = -3412 + 35321. List the prime factors of v.
17, 1877
Let t = 1434 + -922. Let b = t - 299. What are the prime factors of b?
3, 71
Let h = 12489 + -7143. What are the prime factors of h?
2, 3, 11
Let o = 408 - 25. Let n = o + 85. List the prime factors of n.
2, 3, 13
List the prime factors of (-44964)/(-11)*(-275)/(-50).
2, 3, 1249
Let y = 267 + -276. What are the prime factors of 13123/33 - (-6)/y?
397
Let a(g) = -20*g**2 - 24*g - 2. Let v(w) = -21*w**2 - 24*w - 2. Let y(t) = -7*a(t) + 6*v(t). What are the prime factors of y(6)?
2, 5, 13
Suppose 84 - 54 = 2*f. Suppose 14*i = f*i - 309. List the prime factors of i.
3, 103
Let m = 46 - 30. Suppose -12*t - 4004 = -m*t. Suppose -5*x - 2*x + t = 0. List the prime factors of x.
11, 13
Let a = 258 + -253. Suppose -5819 = -4*y - 3*j, -a*y + 7894 = 4*j + 619. List the prime factors of y.
1451
Suppose -84*f - 40*f = -651868. List the prime factors of f.
7, 751
Let r = -450 - -453. Suppose j + 5 = -4*j, -2*p + r*j + 1327 = 0. List the prime factors of p.
2, 331
Let x(c) = -c**3 + 6*c**2 - 7*c + 13. Suppose -6*i = -1 - 71. Suppose -13 = -5*y + i. What are the prime factors of x(y)?
3
Suppose -37*p = 99*p + 79*p - 4902860. List the prime factors of p.
2, 5701
Let h = -303 - -521. Let q = 254 - h. List the prime factors of q.
2, 3
Suppose -4*o - 5*n + 3508 = 0, -8*o + 6*o + 1754 = 2*n. Suppose b = u - o, -2*u = -5*b + 296 - 2050. List the prime factors of u.
877
Let p be 2/((-4)/(-20)*5). Suppose -s - 2*i = -4, 0*s + i - p = 2*s. List the prime factors of (-1434)/(-12)*((2 - s) + 0).
239
Let c = -191 - -59. Let h = c - -553. What are the prime factors of h?
421
Let t(r) = -757*r + 3617. List the prime factors of t(-36).
30869
Let p = 161 - 233. Let w = 252 - 112. Let l = w + p. 